{"id":192418,"date":"2022-11-30T12:31:50","date_gmt":"2022-11-30T11:31:50","guid":{"rendered":"https:\/\/www.visionsdureel.ch\/?post_type=vdr-on-tour&#038;p=192418"},"modified":"2022-11-30T12:31:53","modified_gmt":"2022-11-30T11:31:53","slug":"vdr-on-tour-foragers","status":"publish","type":"vdr-on-tour","link":"https:\/\/www.visionsdureel.ch\/en\/vdr-on-tour\/vdr-on-tour-foragers\/","title":{"rendered":"VdR on Tour: Foragers"},"content":{"rendered":"\n<p>Projection:<\/p>\n\n\n\n<p>Dimanche 04 d\u00e9cembre 2022 \u00e0 14:00 au <a href=\"https:\/\/www.cinemaroyal.ch\/filmotheque\/item\/4158-foragers-vost.html\">Cin\u00e9ma Royal de Ste-Croix<\/a><\/p>\n\n\n\n<p><em><a href=\"https:\/\/www.visionsdureel.ch\/film\/2022\/foragers\/\">Foragers<\/a><\/em><\/p>\n\n\n\n<ul class=\"wp-block-list\">\n<li>Jumana Manna<\/li>\n\n\n\n<li>Palestine, 2022, 650&#8242;<\/li>\n<\/ul>\n\n\n\n<p>Entrem\u00ealant documentaire et fiction,\u00a0<em>Foragers<\/em>\u00a0rend compte du conflit br\u00fblant entre la Direction de la Nature et des Parcs d\u2019Isra\u00ebl et des Palestinien\u00b7ne\u00b7s, cueilleur\u00b7euse\u00b7s de plantes sauvages. \u00c0 l\u02bcaide d\u02bcune composition \u00e9labor\u00e9e et \u00e9l\u00e9gante, le film parvient \u00e0 capturer l\u02bcamour, la r\u00e9silience et la connaissance h\u00e9rit\u00e9s de ces traditions, sur une toile de fond \u00e9minemment politique.<\/p>\n\n\n\n<figure class=\"wp-block-embed is-type-video is-provider-youtube wp-block-embed-youtube wp-embed-aspect-16-9 wp-has-aspect-ratio\"><div class=\"wp-block-embed__wrapper\">\n<iframe loading=\"lazy\" title=\"Trailer | Foragers | Jumana Manna\" width=\"580\" height=\"326\" src=\"https:\/\/www.youtube.com\/embed\/d9Yt87_PIbc?start=3&#038;feature=oembed\" frameborder=\"0\" allow=\"accelerometer; autoplay; clipboard-write; encrypted-media; gyroscope; picture-in-picture; web-share\" referrerpolicy=\"strict-origin-when-cross-origin\" allowfullscreen><\/iframe>\n<\/div><\/figure>\n","protected":false},"excerpt":{"rendered":"<p>Projection de &#8220;Foragers&#8221; le dimanche 04 d\u00e9cembre 2022 \u00e0 14:00 au Cin\u00e9ma Royal de Ste-Croix<\/p>\n","protected":false},"featured_media":192419,"menu_order":0,"template":"","meta":{"_acf_changed":false},"class_list":["post-192418","vdr-on-tour","type-vdr-on-tour","status-publish","has-post-thumbnail","hentry"],"acf":[],"_links":{"self":[{"href":"https:\/\/www.visionsdureel.ch\/en\/wp-json\/wp\/v2\/vdr-on-tour\/192418","targetHints":{"allow":["GET"]}}],"collection":[{"href":"https:\/\/www.visionsdureel.ch\/en\/wp-json\/wp\/v2\/vdr-on-tour"}],"about":[{"href":"https:\/\/www.visionsdureel.ch\/en\/wp-json\/wp\/v2\/types\/vdr-on-tour"}],"wp:featuredmedia":[{"embeddable":true,"href":"https:\/\/www.visionsdureel.ch\/en\/wp-json\/wp\/v2\/media\/192419"}],"wp:attachment":[{"href":"https:\/\/www.visionsdureel.ch\/en\/wp-json\/wp\/v2\/media?parent=192418"}],"curies":[{"name":"wp","href":"https:\/\/api.w.org\/{rel}","templated":true}]}}

<p>Projection:</p>



<p>Dimanche 04 décembre 2022 à 14:00 au <a href="https://www.cinemaroyal.ch/filmotheque/item/4158-foragers-vost.html">Cinéma Royal de Ste-Croix</a></p>



<p><em><a href="https://www.visionsdureel.ch/film/2022/foragers/">Foragers</a></em></p>



<ul class="wp-block-list">
<li>Jumana Manna</li>



<li>Palestine, 2022, 650&#8242;</li>
</ul>



<p>Entremêlant documentaire et fiction, <em>Foragers</em> rend compte du conflit brûlant entre la Direction de la Nature et des Parcs d’Israël et des Palestinien·ne·s, cueilleur·euse·s de plantes sauvages. À lʼaide dʼune composition élaborée et élégante, le film parvient à capturer lʼamour, la résilience et la connaissance hérités de ces traditions, sur une toile de fond éminemment politique.</p>



<figure class="wp-block-embed is-type-video is-provider-youtube wp-block-embed-youtube wp-embed-aspect-16-9 wp-has-aspect-ratio"><div class="wp-block-embed__wrapper">
<iframe loading="lazy" title="Trailer | Foragers | Jumana Manna" width="580" height="326" src="https://www.youtube.com/embed/d9Yt87_PIbc?start=3&#038;feature=oembed" frameborder="0" allow="accelerometer; autoplay; clipboard-write; encrypted-media; gyroscope; picture-in-picture; web-share" referrerpolicy="strict-origin-when-cross-origin" allowfullscreen></iframe>
</div></figure>

<p>Projection de &#8220;Foragers&#8221; le dimanche 04 décembre 2022 à 14:00 au Cinéma Royal de Ste-Croix</p>
