{"id":157788,"date":"2020-10-13T00:00:00","date_gmt":"2020-10-12T22:00:00","guid":{"rendered":"https:\/\/vdr.daisybell.ch\/vdr-on-tour\/visions-du-reel-on-tour-lexperience-blocher\/"},"modified":"2021-05-21T13:01:54","modified_gmt":"2021-05-21T11:01:54","slug":"visions-du-reel-on-tour-lexperience-blocher","status":"publish","type":"vdr-on-tour","link":"https:\/\/www.visionsdureel.ch\/en\/vdr-on-tour\/visions-du-reel-on-tour-lexperience-blocher\/","title":{"rendered":"Visions du R\u00e9el On Tour | L&#8217;exp\u00e9rience Blocher"},"content":{"rendered":"<h2>Visions du R\u00e9el On Tour pr\u00e9sente L&#8217;exp\u00e9rience Blocher, le dernier film de Jean-St\u00e9phane Bron, en avant-premi\u00e8re aux Cin\u00e9mas Capitole \u00e0 Nyon le 28 octobre \u00e0 20h30. Gagnez des places!<\/h2>\n<p class=\"frame\"><b>Visions du R\u00e9el On Tour\u00a0<\/b><span style=\"font-weight: normal;\">fait voyager des films du r\u00e9el toute l&#8217;ann\u00e9e \u00e0 travers la Suisse. Une s\u00e9lection de films documentaires afin de partager le regard du festival sur le monde avec le public.<\/span><\/p>\n<p><b>L&#8217;exp\u00e9rience Blocher de Jean-St\u00e9phane Bron<\/b><\/p>\n<p>L\u2019histoire du leader politique le plus ha\u00ef et admir\u00e9 de Suisse. C\u2019est aussi l\u2019histoire d\u2019un face \u00e0 face, \u00e9trange et singulier, entre un r\u00e9alisateur et un homme de pouvoir. Automne 2011. En campagne pour les \u00e9lections f\u00e9d\u00e9rales, Christoph Blocher sillonne la Suisse pour faire triompher son camp. Sa voiture est le lieu d\u2019observation privil\u00e9gi\u00e9 du r\u00e9alisateur, qui raconte l\u2019histoire de l\u2019int\u00e9rieur, \u00e0 la premi\u00e8re personne. Au fil du voyage, le film d\u00e9roule le cours de sa vie. Celui de ses triomphes, de ses m\u00e9thodes et de ses secrets. Comment le fils d\u2019un pasteur pauvre va devenir un industriel \u00e0 succ\u00e8s, b\u00e2tir une fortune colossale, et conqu\u00e9rir pr\u00e8s d\u2019un tiers de l\u2019\u00e9lectorat. Miroir de la Suisse et fable sur le pouvoir. Le portrait d\u2019un homme qui aura profond\u00e9ment m\u00e9tamorphos\u00e9 le paysage politique de ce pays.\n<\/p>\n<p>L&#8217;EXPERIENCE BLOCHER &#8211; Suisse, France, 2013, V.O. sous-titr\u00e9e\n<\/p>\n<p class=\"frame\">En avant-prem\u00e8re le lundi <b>28 octobre <\/b>\u00e0 20h30 aux <a href=\"http:\/\/www.capitole-nyon.ch\/\" target=\"_blank\" class=\"external-link-new-window\" rel=\"noopener\">cin\u00e9mas Capitole<\/a> \u00e0 Nyon <\/p>\n<p>\u2192 Voir la <a href=\"http:\/\/www.youtube.com\/watch?v=deExv5_F36A\" target=\"_blank\" class=\"external-link-new-window\" rel=\"noopener\">bande-annonce<\/a> en V.O. sous-titr\u00e9e en fran\u00e7ais\n<\/p>\n<p>\u00a0<\/p>\n<p class=\"frame\"><b>Concours<\/b>: <b>gagnez vos places<\/b> pour la projection du 28 octobre 2013\u00a0\u00e0 20h30 aux Cin\u00e9mas Capitole \u00e0 Nyon. Envoyez vos coordonn\u00e9es ainsi que le titre du film <i>L&#8217;exp\u00e9rience Blocher <\/i>\u00e0 <b><a href=\"mailto:concours@visionsdureel.ch\">concours[at]visionsdureel[dot]ch<\/a><br \/><\/b><br \/>D\u00e9lai de participation: vendredi 25 octobre 2013. Les gagnants seront avertis par email.<\/p>\n","protected":false},"excerpt":{"rendered":"<p>Visions du R\u00e9el On Tour pr\u00e9sente L&#8217;exp\u00e9rience Blocher, le dernier film de Jean-St\u00e9phane Bron, en avant-premi\u00e8re aux Cin\u00e9mas Capitole \u00e0<\/p>\n","protected":false},"featured_media":0,"menu_order":0,"template":"","meta":{"_acf_changed":false},"class_list":["post-157788","vdr-on-tour","type-vdr-on-tour","status-publish","hentry"],"acf":[],"_links":{"self":[{"href":"https:\/\/www.visionsdureel.ch\/en\/wp-json\/wp\/v2\/vdr-on-tour\/157788","targetHints":{"allow":["GET"]}}],"collection":[{"href":"https:\/\/www.visionsdureel.ch\/en\/wp-json\/wp\/v2\/vdr-on-tour"}],"about":[{"href":"https:\/\/www.visionsdureel.ch\/en\/wp-json\/wp\/v2\/types\/vdr-on-tour"}],"wp:attachment":[{"href":"https:\/\/www.visionsdureel.ch\/en\/wp-json\/wp\/v2\/media?parent=157788"}],"curies":[{"name":"wp","href":"https:\/\/api.w.org\/{rel}","templated":true}]}}

Visions du Réel On Tour | L&#8217;expérience Blocher

<h2>Visions du Réel On Tour présente L&#8217;expérience Blocher, le dernier film de Jean-Stéphane Bron, en avant-première aux Cinémas Capitole à Nyon le 28 octobre à 20h30. Gagnez des places!</h2>
<p class="frame"><b>Visions du Réel On Tour </b><span style="font-weight: normal;">fait voyager des films du réel toute l&#8217;année à travers la Suisse. Une sélection de films documentaires afin de partager le regard du festival sur le monde avec le public.</span></p>
<p><b>L&#8217;expérience Blocher de Jean-Stéphane Bron</b></p>
<p>L’histoire du leader politique le plus haï et admiré de Suisse. C’est aussi l’histoire d’un face à face, étrange et singulier, entre un réalisateur et un homme de pouvoir. Automne 2011. En campagne pour les élections fédérales, Christoph Blocher sillonne la Suisse pour faire triompher son camp. Sa voiture est le lieu d’observation privilégié du réalisateur, qui raconte l’histoire de l’intérieur, à la première personne. Au fil du voyage, le film déroule le cours de sa vie. Celui de ses triomphes, de ses méthodes et de ses secrets. Comment le fils d’un pasteur pauvre va devenir un industriel à succès, bâtir une fortune colossale, et conquérir près d’un tiers de l’électorat. Miroir de la Suisse et fable sur le pouvoir. Le portrait d’un homme qui aura profondément métamorphosé le paysage politique de ce pays.
</p>
<p>L&#8217;EXPERIENCE BLOCHER &#8211; Suisse, France, 2013, V.O. sous-titrée
</p>
<p class="frame">En avant-premère le lundi <b>28 octobre </b>à 20h30 aux <a href="http://www.capitole-nyon.ch/" target="_blank" class="external-link-new-window" rel="noopener">cinémas Capitole</a> à Nyon </p>
<p>→ Voir la <a href="http://www.youtube.com/watch?v=deExv5_F36A" target="_blank" class="external-link-new-window" rel="noopener">bande-annonce</a> en V.O. sous-titrée en français
</p>
<p> </p>
<p class="frame"><b>Concours</b>: <b>gagnez vos places</b> pour la projection du 28 octobre 2013 à 20h30 aux Cinémas Capitole à Nyon. Envoyez vos coordonnées ainsi que le titre du film <i>L&#8217;expérience Blocher </i>à <b><a href="mailto:concours@visionsdureel.ch">concours[at]visionsdureel[dot]ch</a><br /></b><br />Délai de participation: vendredi 25 octobre 2013. Les gagnants seront avertis par email.</p>

<p>Visions du Réel On Tour présente L&#8217;expérience Blocher, le dernier film de Jean-Stéphane Bron, en avant-première aux Cinémas Capitole à</p>
