{"id":157636,"date":"2021-03-21T00:00:00","date_gmt":"2021-03-20T23:00:00","guid":{"rendered":"https:\/\/vdr.daisybell.ch\/vdr-on-tour\/vdr-on-tour-nyon-de-chaque-instantde-chaque-instant\/"},"modified":"2021-05-21T11:37:37","modified_gmt":"2021-05-21T09:37:37","slug":"vdr-on-tour-nyon-de-chaque-instantde-chaque-instant","status":"publish","type":"vdr-on-tour","link":"https:\/\/www.visionsdureel.ch\/en\/vdr-on-tour\/vdr-on-tour-nyon-de-chaque-instantde-chaque-instant\/","title":{"rendered":"VdR On Tour Nyon | De Chaque InstantDe chaque instant"},"content":{"rendered":"<h2>Projection sp\u00e9ciale en pr\u00e9sence de Nicolas Philibert, le mardi 6 novembre \u00e0 20:30 aux Cin\u00e9mas Capitole de Nyon. Gagnez vos places!<\/h2>\n<h1>De chaque instant<\/h1>\n<p>Nicolas Philibert<br \/><strong>en pr\u00e9sence du r\u00e9alisateur<\/strong><br \/>France 2018, 105&#8242;<br \/>Locarno 2018\n<\/p>\n<p><em>Chaque ann\u00e9e, des dizaines de milliers d\u2019apprentis se lancent dans des \u00e9tudes pour devenir infirmi\u00e8res et infirmiers. Ce film suit les hauts et les bas de leur parcours intense et difficile qui les confronte tr\u00e8s t\u00f4t, souvent tr\u00e8s jeunes, \u00e0 la fragilit\u00e9 humaine et aux f\u00ealures des \u00e2mes et des corps.<\/em><\/p>\n<p><a href=\"https:\/\/youtu.be\/ow7EZZOwXoc\" target=\"_blank\" rel=\"noopener\">Bande-annonce &gt;<\/a><\/p>\n<h3>INFOS PRATIQUES<\/h3>\n<p><strong>Mardi 6 novembre 2018, 20:30<br \/><\/strong>Tarif sp\u00e9cial: CHF 12.\u2013<br \/>Visions du R\u00e9el On Tour\u00a0<a href=\"http:\/\/capitole-nyon.ch\/?cat=10\" target=\"_blank\" rel=\"noopener\">aux Cin\u00e9mas Capitole de Nyon<\/a><\/p>\n<p>D\u00e9couvrez tout le programme de\u00a0<a href=\"\/vdr-on-tour\/vdr-on-tour-nyon-archives\/vdr-on-tour-nyon-18-19\">Visions du R\u00e9el On Tour aux Cin\u00e9mas Capitole de Nyon &gt;<\/a><\/p>\n<h3>GAGNEZ VOS PLACES!<\/h3>\n<p>Envoyez vos coordonn\u00e9es avec la mention INSTANT \u00e0\u00a0<a href=\"mailto:concours@visionsdureel.ch\">concours@visionsdureel.ch<\/a><br \/>D\u00e9lai de participation: 02.11.2018<\/p>\n","protected":false},"excerpt":{"rendered":"<p>Projection sp\u00e9ciale en pr\u00e9sence de Nicolas Philibert, le mardi 6 novembre \u00e0 20:30 aux Cin\u00e9mas Capitole de Nyon. Gagnez vos<\/p>\n","protected":false},"featured_media":0,"menu_order":0,"template":"","meta":{"_acf_changed":false},"class_list":["post-157636","vdr-on-tour","type-vdr-on-tour","status-publish","hentry"],"acf":[],"_links":{"self":[{"href":"https:\/\/www.visionsdureel.ch\/en\/wp-json\/wp\/v2\/vdr-on-tour\/157636","targetHints":{"allow":["GET"]}}],"collection":[{"href":"https:\/\/www.visionsdureel.ch\/en\/wp-json\/wp\/v2\/vdr-on-tour"}],"about":[{"href":"https:\/\/www.visionsdureel.ch\/en\/wp-json\/wp\/v2\/types\/vdr-on-tour"}],"wp:attachment":[{"href":"https:\/\/www.visionsdureel.ch\/en\/wp-json\/wp\/v2\/media?parent=157636"}],"curies":[{"name":"wp","href":"https:\/\/api.w.org\/{rel}","templated":true}]}}

<h2>Projection spéciale en présence de Nicolas Philibert, le mardi 6 novembre à 20:30 aux Cinémas Capitole de Nyon. Gagnez vos places!</h2>
<h1>De chaque instant</h1>
<p>Nicolas Philibert<br /><strong>en présence du réalisateur</strong><br />France 2018, 105&#8242;<br />Locarno 2018
</p>
<p><em>Chaque année, des dizaines de milliers d’apprentis se lancent dans des études pour devenir infirmières et infirmiers. Ce film suit les hauts et les bas de leur parcours intense et difficile qui les confronte très tôt, souvent très jeunes, à la fragilité humaine et aux fêlures des âmes et des corps.</em></p>
<p><a href="https://youtu.be/ow7EZZOwXoc" target="_blank" rel="noopener">Bande-annonce &gt;</a></p>
<h3>INFOS PRATIQUES</h3>
<p><strong>Mardi 6 novembre 2018, 20:30<br /></strong>Tarif spécial: CHF 12.–<br />Visions du Réel On Tour <a href="http://capitole-nyon.ch/?cat=10" target="_blank" rel="noopener">aux Cinémas Capitole de Nyon</a></p>
<p>Découvrez tout le programme de <a href="/vdr-on-tour/vdr-on-tour-nyon-archives/vdr-on-tour-nyon-18-19">Visions du Réel On Tour aux Cinémas Capitole de Nyon &gt;</a></p>
<h3>GAGNEZ VOS PLACES!</h3>
<p>Envoyez vos coordonnées avec la mention INSTANT à <a href="mailto:concours@visionsdureel.ch">concours@visionsdureel.ch</a><br />Délai de participation: 02.11.2018</p>

<p>Projection spéciale en présence de Nicolas Philibert, le mardi 6 novembre à 20:30 aux Cinémas Capitole de Nyon. Gagnez vos</p>
