{"id":16588,"date":"2021-01-15T05:59:34","date_gmt":"2021-01-15T04:59:34","guid":{"rendered":"https:\/\/vdr.daisybell.ch\/news\/fondation\/"},"modified":"2026-03-10T10:35:40","modified_gmt":"2026-03-10T09:35:40","slug":"fondation","status":"publish","type":"info","link":"https:\/\/www.visionsdureel.ch\/en\/info\/fondation\/","title":{"rendered":"Foundation"},"content":{"rendered":"\n<p>The main goal of the Visions du R\u00e9el Foundation is to organise an international film festival accessible to all and centered around the cin\u00e9ma du r\u00e9el, as well as to organise activities within the international market dedicated to professionals.<\/p>\n\n\n\n<h2 class=\"wp-block-heading\" id=\"h-foundation-board\">Foundation Board<\/h2>\n\n\n\n<div class=\"wp-block-columns is-layout-flex wp-container-core-columns-is-layout-9d6595d7 wp-block-columns-is-layout-flex\">\n<div class=\"wp-block-column is-layout-flow wp-block-column-is-layout-flow\">\n<div class=\"wp-block-group\"><div class=\"wp-block-group__inner-container is-layout-constrained wp-block-group-is-layout-constrained\">\n<div class=\"wp-block-group is-vertical is-layout-flex wp-container-core-group-is-layout-8cf370e7 wp-block-group-is-layout-flex\">\n<p class=\"has-small-font-size\"><strong>Philippe Bischof<\/strong> *<br>Chair-elect<\/p>\n\n\n\n<p class=\"has-small-font-size\"><strong>Lionel Baier *<br><\/strong>Vice-President<\/p>\n\n\n\n<p class=\"has-small-font-size\"><strong><strong>Pierre-Yves Cots<\/strong>&nbsp;*<br><\/strong>Treasurer<\/p>\n\n\n\n<p class=\"has-small-font-size\"><strong>Marius Diserens<\/strong><\/p>\n\n\n\n<p class=\"has-small-font-size\"><strong>Guillaume Etier *<\/strong><\/p>\n\n\n\n<p class=\"has-small-font-size\"><strong><strong>Veronique Haller<\/strong><\/strong><\/p>\n\n\n\n<p class=\"has-small-font-size\"><strong>Catherine Labouch\u00e8re<\/strong><\/p>\n\n\n\n<p class=\"has-small-font-size\"><strong>Cornelia Seitler<\/strong><\/p>\n\n\n\n<p class=\"has-small-font-size\"><strong>David Rihs<\/strong><\/p>\n\n\n\n<p class=\"has-small-font-size\"><strong>Olivier Thomas<\/strong><\/p>\n\n\n\n<p class=\"has-small-font-size\"><strong>Sven W\u00e4lti<\/strong><\/p>\n\n\n\n<p class=\"has-small-font-size\"><strong>Sonia Weil *<\/strong><\/p>\n<\/div>\n<\/div><\/div>\n<\/div>\n<\/div>\n\n\n\n<h6 class=\"wp-block-heading\" id=\"h-bureau-du-conseil-de-fondation\">* Bureau du Conseil de fondation<\/h6>\n\n\n\n<p><a href=\"https:\/\/www.visionsdureel.ch\/wp-content\/uploads\/2021\/12\/Statuts_date\u0301s_signe\u0301s.pdf\" target=\"_blank\" rel=\"noreferrer noopener\">Statutes of the Foundation<\/a><\/p>\n\n\n\n<p><\/p>\n","protected":false},"excerpt":{"rendered":"<p>The main goal of the Visions du R\u00e9el Foundation is to organise an international film festival accessible to all and<\/p>\n","protected":false},"featured_media":192390,"parent":0,"menu_order":0,"template":"","meta":{"_acf_changed":false},"class_list":["post-16588","info","type-info","status-publish","has-post-thumbnail","hentry"],"acf":[],"_links":{"self":[{"href":"https:\/\/www.visionsdureel.ch\/en\/wp-json\/wp\/v2\/info\/16588","targetHints":{"allow":["GET"]}}],"collection":[{"href":"https:\/\/www.visionsdureel.ch\/en\/wp-json\/wp\/v2\/info"}],"about":[{"href":"https:\/\/www.visionsdureel.ch\/en\/wp-json\/wp\/v2\/types\/info"}],"wp:featuredmedia":[{"embeddable":true,"href":"https:\/\/www.visionsdureel.ch\/en\/wp-json\/wp\/v2\/media\/192390"}],"wp:attachment":[{"href":"https:\/\/www.visionsdureel.ch\/en\/wp-json\/wp\/v2\/media?parent=16588"}],"curies":[{"name":"wp","href":"https:\/\/api.w.org\/{rel}","templated":true}]}}

<p>The main goal of the Visions du Réel Foundation is to organise an international film festival accessible to all and centered around the cinéma du réel, as well as to organise activities within the international market dedicated to professionals.</p>



<h2 class="wp-block-heading" id="h-foundation-board">Foundation Board</h2>



<div class="wp-block-columns is-layout-flex wp-container-core-columns-is-layout-9d6595d7 wp-block-columns-is-layout-flex">
<div class="wp-block-column is-layout-flow wp-block-column-is-layout-flow">
<div class="wp-block-group"><div class="wp-block-group__inner-container is-layout-constrained wp-block-group-is-layout-constrained">
<div class="wp-block-group is-vertical is-layout-flex wp-container-core-group-is-layout-8cf370e7 wp-block-group-is-layout-flex">
<p class="has-small-font-size"><strong>Philippe Bischof</strong> *<br>Chair-elect</p>



<p class="has-small-font-size"><strong>Lionel Baier *<br></strong>Vice-President</p>



<p class="has-small-font-size"><strong><strong>Pierre-Yves Cots</strong>&nbsp;*<br></strong>Treasurer</p>



<p class="has-small-font-size"><strong>Marius Diserens</strong></p>



<p class="has-small-font-size"><strong>Guillaume Etier *</strong></p>



<p class="has-small-font-size"><strong><strong>Veronique Haller</strong></strong></p>



<p class="has-small-font-size"><strong>Catherine Labouchère</strong></p>



<p class="has-small-font-size"><strong>Cornelia Seitler</strong></p>



<p class="has-small-font-size"><strong>David Rihs</strong></p>



<p class="has-small-font-size"><strong>Olivier Thomas</strong></p>



<p class="has-small-font-size"><strong>Sven Wälti</strong></p>



<p class="has-small-font-size"><strong>Sonia Weil *</strong></p>
</div>
</div></div>
</div>
</div>



<h6 class="wp-block-heading" id="h-bureau-du-conseil-de-fondation">* Bureau du Conseil de fondation</h6>



<p><a href="https://www.visionsdureel.ch/wp-content/uploads/2021/12/Statuts_datés_signés.pdf" target="_blank" rel="noreferrer noopener">Statutes of the Foundation</a></p>



<p></p>

<p>The main goal of the Visions du Réel Foundation is to organise an international film festival accessible to all and</p>
