{"id":27486,"date":"2021-01-31T03:11:56","date_gmt":"2021-01-31T02:11:56","guid":{"rendered":"https:\/\/vdr.daisybell.ch\/news\/projections-scolaires\/"},"modified":"2026-09-02T11:47:20","modified_gmt":"2026-09-02T09:47:20","slug":"projections-scolaires","status":"publish","type":"p-culturelle","link":"https:\/\/www.visionsdureel.ch\/de\/kulturelle-teilhabe\/enseignant-e-s\/projections-scolaires\/","title":{"rendered":"Vorf\u00fchrungen in Schulen"},"content":{"rendered":"\n<h2 class=\"wp-block-heading\" id=\"h-das-angebot-scolaires-du-r-el-umfasst-wahlweise-die-vorf-hrung-eines-dokumentarfilms-mit-p-dagogischer-begleitung-einen-tagespass-f-r-das-festival-oder-ein-online-angebot-all-das-kann-durch-den-besuch-einer-fachperson-in-der-klasse-erg-nzt-werden-der-bzw-die-den-film-mit-den-sch-lerinnen-analysiert\">\u201eVisions du R\u00e9el\u201c gilt als eines der bedeutendsten europ\u00e4ischen Festivals im Bereich des Dokumentarfilms und bietet Sch\u00fcler*innen die M\u00f6glichkeit, das kulturelle Erlebnis eines Filmfestivals zu geniessen und hochwertige Dokumentarfilme zu entdecken, die oft nicht auf die grossen Leinw\u00e4nde kommen. <\/h2>\n\n\n\n<p>Jede Schulvorf\u00fchrung wird von einem p\u00e4dagogischen Begleitblatt begleitet und im Anschluss findet eine von einer Kulturvermittle*in moderierte Diskussion mit den Filmemacher*innen statt.<\/p>\n\n\n\n<h2 class=\"wp-block-heading\">Ans Festival kommen<br><\/h2>\n\n\n\n<ul class=\"wp-block-list\">\n<li><strong>Montag, 12. April 2027<\/strong>\n<ul class=\"wp-block-list\">\n<li>9:00\u201310:05 Uhr: Primarschule (4-8 Jahre)<\/li>\n\n\n\n<li>10:30\u201311:45 Uhr: Primarschule (8-12 Jahre)<\/li>\n<\/ul>\n<\/li>\n\n\n\n<li><strong>Dienstag, 13. April 2027<\/strong>\n<ul class=\"wp-block-list\">\n<li>8:15\u20139:45 Uhr: Sekundarstufe II<\/li>\n\n\n\n<li>10:15\u201311:45 Uhr: Sekundarstufe II<\/li>\n<\/ul>\n<\/li>\n\n\n\n<li><strong>Mittwoch, 14. April 2027<\/strong>\n<ul class=\"wp-block-list\">\n<li>8:15\u20139:45 Uhr: Sekundarstufe II<\/li>\n\n\n\n<li>10:15\u201311:45 Uhr: Sekundarstufe II<\/li>\n<\/ul>\n<\/li>\n\n\n\n<li><strong>Donnerstag, 15. April 2027<\/strong>\n<ul class=\"wp-block-list\">\n<li>8:15\u20139:45 Uhr: Sekundarstufe I und II<\/li>\n\n\n\n<li>10:15\u201311:30 Uhr: Primarschule (8-12 Jahre)<\/li>\n<\/ul>\n<\/li>\n\n\n\n<li><strong>Freitag, 16. April 2027<\/strong>\n<ul class=\"wp-block-list\">\n<li>9:00\u201310:05 Uhr: Primarschule (4-8 Jahre)<\/li>\n<\/ul>\n<\/li>\n<\/ul>\n\n\n\n<details class=\"wp-block-details is-layout-flow wp-block-details-is-layout-flow\"><summary>Praktische Infos<\/summary>\n<p>Das <strong>detaillierte Filmprogramm<\/strong> wird im Oktober 2026 f\u00fcr die Primarstufe und im M\u00e4rz 2027 f\u00fcr die Sekundarstufe ver\u00f6ffentlicht. Abonnieren Sie den <a href=\"https:\/\/visionsdureel.us20.list-manage.com\/subscribe?u=2940a9f6f0e0bbde44e766567&amp;id=c0ab31eaa4\" type=\"link\" id=\"https:\/\/visionsdureel.us20.list-manage.com\/subscribe?u=2940a9f6f0e0bbde44e766567&amp;id=c0ab31eaa4\" target=\"_blank\" rel=\"noreferrer noopener\">Newsletter \u201eVdR at School\u201c<\/a>, um \u00fcber die Ver\u00f6ffentlichung des Programms informiert zu werden.<\/p>\n\n\n\n<p><strong>Ort<\/strong>: Th\u00e9\u00e2tre de Marens, Route du Stand 5 \u2013 1260 Nyon<\/p>\n\n\n\n<p><strong>Eintrittspreise<\/strong>: 4.- (Primarschule) \/ 5.- (Sekundarstufe I und II)<\/p>\n<\/details>\n\n\n\n<div style=\"height:32px\" aria-hidden=\"true\" class=\"wp-block-spacer\"><\/div>\n\n\n\n<div class=\"wp-block-buttons is-content-justification-center is-layout-flex wp-container-core-buttons-is-layout-16018d1d wp-block-buttons-is-layout-flex\">\n<div class=\"wp-block-button has-custom-width wp-block-button__width-75 is-style-outline is-style-outline--1\"><a class=\"wp-block-button__link has-accent-color has-text-color has-background has-link-color wp-element-button\" href=\"https:\/\/framaforms.org\/visions-du-reel-2027-projections-scolaires-1750256409\" style=\"border-radius:0px;background-color:#ffffff36\" target=\"_blank\" rel=\"noreferrer noopener\">Anmeldung<\/a><\/div>\n<\/div>\n\n\n\n<hr class=\"wp-block-separator has-alpha-channel-opacity\"\/>\n\n\n\n<h2 class=\"wp-block-heading\">Das ganze Jahr \u00fcber<\/h2>\n\n\n\n<p><strong>Sekundarstufe I &amp; II \u2013 Vorf\u00fchrungen ausserhalb des Festivals<\/strong><br>Gerne organisieren wir Vorf\u00fchrungen ausserhalb der Festivalzeiten, entweder in Ihrer Schule oder in einem Partnerkino. Das Programm wird von Fall zu Fall besprochen.<\/p>\n\n\n\n<p>M\u00f6gliche Termine: von September bis Juni 2027 (mit Ausnahme des Monats April)<br>Preis: 10.- pro Sch\u00fcler<br>Kontakt: <a href=\"mailto:bildung@visionsdureel.ch\" target=\"_blank\" rel=\"noreferrer noopener\">bildung@visionsdureel.ch<\/a><\/p>\n","protected":false},"excerpt":{"rendered":"<p>F\u00fcr Sch\u00fcler der Primar- und Sekundarstufe<\/p>\n","protected":false},"featured_media":261329,"parent":166423,"menu_order":0,"template":"","meta":{"_acf_changed":false},"class_list":["post-27486","p-culturelle","type-p-culturelle","status-publish","has-post-thumbnail","hentry"],"acf":[],"_links":{"self":[{"href":"https:\/\/www.visionsdureel.ch\/de\/wp-json\/wp\/v2\/p-culturelle\/27486","targetHints":{"allow":["GET"]}}],"collection":[{"href":"https:\/\/www.visionsdureel.ch\/de\/wp-json\/wp\/v2\/p-culturelle"}],"about":[{"href":"https:\/\/www.visionsdureel.ch\/de\/wp-json\/wp\/v2\/types\/p-culturelle"}],"up":[{"embeddable":true,"href":"https:\/\/www.visionsdureel.ch\/de\/wp-json\/wp\/v2\/p-culturelle\/166423"}],"wp:featuredmedia":[{"embeddable":true,"href":"https:\/\/www.visionsdureel.ch\/de\/wp-json\/wp\/v2\/media\/261329"}],"wp:attachment":[{"href":"https:\/\/www.visionsdureel.ch\/de\/wp-json\/wp\/v2\/media?parent=27486"}],"curies":[{"name":"wp","href":"https:\/\/api.w.org\/{rel}","templated":true}]}}

Vorführungen in Schulen

<h2 class="wp-block-heading" id="h-das-angebot-scolaires-du-r-el-umfasst-wahlweise-die-vorf-hrung-eines-dokumentarfilms-mit-p-dagogischer-begleitung-einen-tagespass-f-r-das-festival-oder-ein-online-angebot-all-das-kann-durch-den-besuch-einer-fachperson-in-der-klasse-erg-nzt-werden-der-bzw-die-den-film-mit-den-sch-lerinnen-analysiert">„Visions du Réel“ gilt als eines der bedeutendsten europäischen Festivals im Bereich des Dokumentarfilms und bietet Schüler*innen die Möglichkeit, das kulturelle Erlebnis eines Filmfestivals zu geniessen und hochwertige Dokumentarfilme zu entdecken, die oft nicht auf die grossen Leinwände kommen. </h2>



<p>Jede Schulvorführung wird von einem pädagogischen Begleitblatt begleitet und im Anschluss findet eine von einer Kulturvermittle*in moderierte Diskussion mit den Filmemacher*innen statt.</p>



<h2 class="wp-block-heading">Ans Festival kommen<br></h2>



<ul class="wp-block-list">
<li><strong>Montag, 12. April 2027</strong>
<ul class="wp-block-list">
<li>9:00–10:05 Uhr: Primarschule (4-8 Jahre)</li>



<li>10:30–11:45 Uhr: Primarschule (8-12 Jahre)</li>
</ul>
</li>



<li><strong>Dienstag, 13. April 2027</strong>
<ul class="wp-block-list">
<li>8:15–9:45 Uhr: Sekundarstufe II</li>



<li>10:15–11:45 Uhr: Sekundarstufe II</li>
</ul>
</li>



<li><strong>Mittwoch, 14. April 2027</strong>
<ul class="wp-block-list">
<li>8:15–9:45 Uhr: Sekundarstufe II</li>



<li>10:15–11:45 Uhr: Sekundarstufe II</li>
</ul>
</li>



<li><strong>Donnerstag, 15. April 2027</strong>
<ul class="wp-block-list">
<li>8:15–9:45 Uhr: Sekundarstufe I und II</li>



<li>10:15–11:30 Uhr: Primarschule (8-12 Jahre)</li>
</ul>
</li>



<li><strong>Freitag, 16. April 2027</strong>
<ul class="wp-block-list">
<li>9:00–10:05 Uhr: Primarschule (4-8 Jahre)</li>
</ul>
</li>
</ul>



<details class="wp-block-details is-layout-flow wp-block-details-is-layout-flow"><summary>Praktische Infos</summary>
<p>Das <strong>detaillierte Filmprogramm</strong> wird im Oktober 2026 für die Primarstufe und im März 2027 für die Sekundarstufe veröffentlicht. Abonnieren Sie den <a href="https://visionsdureel.us20.list-manage.com/subscribe?u=2940a9f6f0e0bbde44e766567&amp;id=c0ab31eaa4" type="link" id="https://visionsdureel.us20.list-manage.com/subscribe?u=2940a9f6f0e0bbde44e766567&amp;id=c0ab31eaa4" target="_blank" rel="noreferrer noopener">Newsletter „VdR at School“</a>, um über die Veröffentlichung des Programms informiert zu werden.</p>



<p><strong>Ort</strong>: Théâtre de Marens, Route du Stand 5 – 1260 Nyon</p>



<p><strong>Eintrittspreise</strong>: 4.- (Primarschule) / 5.- (Sekundarstufe I und II)</p>
</details>



<div style="height:32px" aria-hidden="true" class="wp-block-spacer"></div>



<div class="wp-block-buttons is-content-justification-center is-layout-flex wp-container-core-buttons-is-layout-16018d1d wp-block-buttons-is-layout-flex">
<div class="wp-block-button has-custom-width wp-block-button__width-75 is-style-outline is-style-outline--1"><a class="wp-block-button__link has-accent-color has-text-color has-background has-link-color wp-element-button" href="https://framaforms.org/visions-du-reel-2027-projections-scolaires-1750256409" style="border-radius:0px;background-color:#ffffff36" target="_blank" rel="noreferrer noopener">Anmeldung</a></div>
</div>



<hr class="wp-block-separator has-alpha-channel-opacity"/>



<h2 class="wp-block-heading">Das ganze Jahr über</h2>



<p><strong>Sekundarstufe I &amp; II – Vorführungen ausserhalb des Festivals</strong><br>Gerne organisieren wir Vorführungen ausserhalb der Festivalzeiten, entweder in Ihrer Schule oder in einem Partnerkino. Das Programm wird von Fall zu Fall besprochen.</p>



<p>Mögliche Termine: von September bis Juni 2027 (mit Ausnahme des Monats April)<br>Preis: 10.- pro Schüler<br>Kontakt: <a href="mailto:bildung@visionsdureel.ch" target="_blank" rel="noreferrer noopener">bildung@visionsdureel.ch</a></p>

<p>Für Schüler der Primar- und Sekundarstufe</p>
