{"id":159286,"date":"2021-09-22T10:17:15","date_gmt":"2021-09-22T08:17:15","guid":{"rendered":"https:\/\/vdr.daisybell.ch\/?p=159286"},"modified":"2021-12-01T14:47:54","modified_gmt":"2021-12-01T13:47:54","slug":"label-kultur-inklusiv","status":"publish","type":"p-culturelle","link":"https:\/\/www.visionsdureel.ch\/de\/kulturelle-teilhabe\/label-kultur-inklusiv\/","title":{"rendered":"Label Kultur inklusiv"},"content":{"rendered":"\n<h2 class=\"wp-block-heading\" id=\"h-visions-du-r-el-erhielt-im-dezember-2021-das-label-kultur-inklusiv-von-pro-infirmis-f-r-den-zeitraum-2022-2025-es-handelt-sich-um-das-erste-schweizer-filmfestival-mit-diesem-label\">Visions du R\u00e9el erhielt im Dezember 2021&nbsp;<a href=\"https:\/\/www.kulturinklusiv.ch\/fr\/service-culture-inclusive\/service-culture-inclusive_0-5.html\" target=\"_blank\" rel=\"noreferrer noopener\">das Label \u00abKultur inklusiv\u00bb von Pro Infirmis<\/a> f\u00fcr den Zeitraum 2022-2025. Es handelt sich um das erste Schweizer Filmfestival mit diesem Label.<\/h2>\n\n\n\n<p>Ein 4-Jahres-Massnahmenplan wurde entwickelt, um ein globales Projekt f\u00fcr ein inklusives, barrierefreies Festival umzusetzen. Visions du R\u00e9el m\u00f6chte Inklusion strukturell und nachhaltig in seine Ziele integrieren. Die Ver\u00e4nderungen werden in den verschiedenen Sektoren schrittweise stattfinden. Die bereits umgesetzten inklusiven Projekte werden verst\u00e4rkt und auf die Barrierefreiheit der Inhalte wird ein besonderes Augenmerk gelegt. Ausserdem wird es darum gehen, mit den verschiedenen Partnern des Festivals auf die Barrierefreiheit der Infrastrukturen zu achten und die Mitarbeitenden und Volunteers f\u00fcr die Inklusion von Personen mit einer Behinderung zu sensibilisieren.<\/p>\n\n\n\n<p>Seit mehreren Jahren entwickelt Visions du R\u00e9el Projekte f\u00fcr Senioren, um die altersbedingten Beeintr\u00e4chtigungen zu ber\u00fccksichtigen. F\u00fcr den Zugang zu den Inhalten arbeitet das Festival seit 2012 mit Caritas Waadt zusammen und seit neuestem auch mit dem Roten Kreuz. Seit 2016 wird f\u00fcr einen oder zwei Filme in Zusammenarbeit mit <a href=\"https:\/\/www.visionsdureel.ch\/de\/kulturelle-teilhabe\/audiodeskription\/\" target=\"_blank\" rel=\"noreferrer noopener nofollow\">Regards Neufs und RTS eine Audiodeskription angefertigt<\/a>.<\/p>\n\n\n\n<p>2022 wird ein besonderes Augenmerk auf die Inklusion von Menschen mit einer Sehbehinderung gelegt. Die n\u00e4chsten Jahre sind der Entwicklung von Projekten f\u00fcr Personen mit H\u00f6r- und Mobilit\u00e4tbehinderungen gewidmet, w\u00e4hrenddessen werden die bereits umgesetzten Massnahmen fortgesetzt und verst\u00e4rkt. Langfristig m\u00f6chte Visions du R\u00e9el, dass sich alle Zielgruppen integriert f\u00fchlen und das reichhaltige Programm des Festivals, das neue Entdeckungen, Emotionen und Freiheiten bereith\u00e4lt, uneingeschr\u00e4nkt entdecken k\u00f6nnen.<\/p>\n\n\n\n<figure class=\"wp-block-image size-full is-resized\"><img loading=\"lazy\" decoding=\"async\" src=\"https:\/\/www.visionsdureel.ch\/wp-content\/uploads\/2021\/09\/Logo_Siegel_D-F_screen_regular_positiv.png\" alt=\"\" class=\"wp-image-159776\" width=\"144\" height=\"144\" srcset=\"https:\/\/www.visionsdureel.ch\/wp-content\/uploads\/2021\/09\/Logo_Siegel_D-F_screen_regular_positiv.png 367w, https:\/\/www.visionsdureel.ch\/wp-content\/uploads\/2021\/09\/Logo_Siegel_D-F_screen_regular_positiv-180x180.png 180w, https:\/\/www.visionsdureel.ch\/wp-content\/uploads\/2021\/09\/Logo_Siegel_D-F_screen_regular_positiv-240x240.png 240w, https:\/\/www.visionsdureel.ch\/wp-content\/uploads\/2021\/09\/Logo_Siegel_D-F_screen_regular_positiv-360x360.png 360w\" sizes=\"auto, (max-width: 144px) 100vw, 144px\" \/><\/figure>\n\n\n\n<p><strong>Labelpartnerschaft<\/strong><\/p>\n\n\n\n<p>Das Label \u00abKultur inklusiv\u00bb wird von der Fachstelle Kultur inklusiv von Pro Infirmis an Kulturinstitutionen aller Sparten verliehen. Die Labelpartner f\u00f6rdern mit ihren Massnahmen in den f\u00fcnf Handlungsfeldern \u00abkulturelles Angebot\u00bb, \u00abinhaltlicher Zugang\u00bb, \u00abbaulicher Zugang\u00bb, \u00abArbeitsangebote\u00bb und \u00abKommunikation\u00bb die Inklusion und setzen sich langfristig und ganzheitlich f\u00fcr die kulturelle Teilhabe von Menschen mit Behinderungen ein.<\/p>\n\n\n\n<p><a href=\"https:\/\/www.kulturinklusiv.ch\/fr\/label\/partenaires-du-label\/visions-du-reel-713.html\" target=\"_blank\" rel=\"noreferrer noopener\">Visions du R\u00e9el tr\u00e4gt das Label seit 2021.<\/a><\/p>\n\n\n\n<p><strong>Charta zur kulturellen Inklusion<\/strong><\/p>\n\n\n\n<p>Die \u00abCharta zur kulturellen Inklusion\u00bb wurde in einem partizipativen Prozess erarbeitet und bildet die Grundlage der Labelpartnerschaft. Visions du R\u00e9el verpflichtet sich, <a href=\"https:\/\/www.visionsdureel.ch\/wp-content\/uploads\/2021\/12\/charte-de-linclusion-culturelle.pdf\" target=\"_blank\" rel=\"noreferrer noopener\">nach den Leitlinien zu handeln und sich weiterzuentwickeln<\/a>.<\/p>\n","protected":false},"excerpt":{"rendered":"<p>Visions du R\u00e9el erhielt im Dezember 2021&nbsp;das Label \u00abKultur inklusiv\u00bb von Pro Infirmis f\u00fcr den Zeitraum 2022-2025. Es handelt sich<\/p>\n","protected":false},"featured_media":159779,"parent":0,"menu_order":0,"template":"","meta":{"_acf_changed":false},"class_list":["post-159286","p-culturelle","type-p-culturelle","status-publish","has-post-thumbnail","hentry"],"acf":[],"_links":{"self":[{"href":"https:\/\/www.visionsdureel.ch\/de\/wp-json\/wp\/v2\/p-culturelle\/159286","targetHints":{"allow":["GET"]}}],"collection":[{"href":"https:\/\/www.visionsdureel.ch\/de\/wp-json\/wp\/v2\/p-culturelle"}],"about":[{"href":"https:\/\/www.visionsdureel.ch\/de\/wp-json\/wp\/v2\/types\/p-culturelle"}],"wp:featuredmedia":[{"embeddable":true,"href":"https:\/\/www.visionsdureel.ch\/de\/wp-json\/wp\/v2\/media\/159779"}],"wp:attachment":[{"href":"https:\/\/www.visionsdureel.ch\/de\/wp-json\/wp\/v2\/media?parent=159286"}],"curies":[{"name":"wp","href":"https:\/\/api.w.org\/{rel}","templated":true}]}}

<h2 class="wp-block-heading" id="h-visions-du-r-el-erhielt-im-dezember-2021-das-label-kultur-inklusiv-von-pro-infirmis-f-r-den-zeitraum-2022-2025-es-handelt-sich-um-das-erste-schweizer-filmfestival-mit-diesem-label">Visions du Réel erhielt im Dezember 2021&nbsp;<a href="https://www.kulturinklusiv.ch/fr/service-culture-inclusive/service-culture-inclusive_0-5.html" target="_blank" rel="noreferrer noopener">das Label «Kultur inklusiv» von Pro Infirmis</a> für den Zeitraum 2022-2025. Es handelt sich um das erste Schweizer Filmfestival mit diesem Label.</h2>



<p>Ein 4-Jahres-Massnahmenplan wurde entwickelt, um ein globales Projekt für ein inklusives, barrierefreies Festival umzusetzen. Visions du Réel möchte Inklusion strukturell und nachhaltig in seine Ziele integrieren. Die Veränderungen werden in den verschiedenen Sektoren schrittweise stattfinden. Die bereits umgesetzten inklusiven Projekte werden verstärkt und auf die Barrierefreiheit der Inhalte wird ein besonderes Augenmerk gelegt. Ausserdem wird es darum gehen, mit den verschiedenen Partnern des Festivals auf die Barrierefreiheit der Infrastrukturen zu achten und die Mitarbeitenden und Volunteers für die Inklusion von Personen mit einer Behinderung zu sensibilisieren.</p>



<p>Seit mehreren Jahren entwickelt Visions du Réel Projekte für Senioren, um die altersbedingten Beeinträchtigungen zu berücksichtigen. Für den Zugang zu den Inhalten arbeitet das Festival seit 2012 mit Caritas Waadt zusammen und seit neuestem auch mit dem Roten Kreuz. Seit 2016 wird für einen oder zwei Filme in Zusammenarbeit mit <a href="https://www.visionsdureel.ch/de/kulturelle-teilhabe/audiodeskription/" target="_blank" rel="noreferrer noopener nofollow">Regards Neufs und RTS eine Audiodeskription angefertigt</a>.</p>



<p>2022 wird ein besonderes Augenmerk auf die Inklusion von Menschen mit einer Sehbehinderung gelegt. Die nächsten Jahre sind der Entwicklung von Projekten für Personen mit Hör- und Mobilitätbehinderungen gewidmet, währenddessen werden die bereits umgesetzten Massnahmen fortgesetzt und verstärkt. Langfristig möchte Visions du Réel, dass sich alle Zielgruppen integriert fühlen und das reichhaltige Programm des Festivals, das neue Entdeckungen, Emotionen und Freiheiten bereithält, uneingeschränkt entdecken können.</p>



<figure class="wp-block-image size-full is-resized"><img loading="lazy" decoding="async" src="https://www.visionsdureel.ch/wp-content/uploads/2021/09/Logo_Siegel_D-F_screen_regular_positiv.png" alt="" class="wp-image-159776" width="144" height="144" srcset="https://www.visionsdureel.ch/wp-content/uploads/2021/09/Logo_Siegel_D-F_screen_regular_positiv.png 367w, https://www.visionsdureel.ch/wp-content/uploads/2021/09/Logo_Siegel_D-F_screen_regular_positiv-180x180.png 180w, https://www.visionsdureel.ch/wp-content/uploads/2021/09/Logo_Siegel_D-F_screen_regular_positiv-240x240.png 240w, https://www.visionsdureel.ch/wp-content/uploads/2021/09/Logo_Siegel_D-F_screen_regular_positiv-360x360.png 360w" sizes="auto, (max-width: 144px) 100vw, 144px" /></figure>



<p><strong>Labelpartnerschaft</strong></p>



<p>Das Label «Kultur inklusiv» wird von der Fachstelle Kultur inklusiv von Pro Infirmis an Kulturinstitutionen aller Sparten verliehen. Die Labelpartner fördern mit ihren Massnahmen in den fünf Handlungsfeldern «kulturelles Angebot», «inhaltlicher Zugang», «baulicher Zugang», «Arbeitsangebote» und «Kommunikation» die Inklusion und setzen sich langfristig und ganzheitlich für die kulturelle Teilhabe von Menschen mit Behinderungen ein.</p>



<p><a href="https://www.kulturinklusiv.ch/fr/label/partenaires-du-label/visions-du-reel-713.html" target="_blank" rel="noreferrer noopener">Visions du Réel trägt das Label seit 2021.</a></p>



<p><strong>Charta zur kulturellen Inklusion</strong></p>



<p>Die «Charta zur kulturellen Inklusion» wurde in einem partizipativen Prozess erarbeitet und bildet die Grundlage der Labelpartnerschaft. Visions du Réel verpflichtet sich, <a href="https://www.visionsdureel.ch/wp-content/uploads/2021/12/charte-de-linclusion-culturelle.pdf" target="_blank" rel="noreferrer noopener">nach den Leitlinien zu handeln und sich weiterzuentwickeln</a>.</p>

<p>Visions du Réel erhielt im Dezember 2021&nbsp;das Label «Kultur inklusiv» von Pro Infirmis für den Zeitraum 2022-2025. Es handelt sich</p>
